4
What is the greatest common divisor of 6586 and 5874?
178
Calculate the highest common factor of 2176249 and 227.
227
What is the greatest common factor of 108891 and 654?
327
Calculate the highest common factor of 2115 and 653300.
235
What is the highest common factor of 13305 and 655?
5
What is the highest common factor of 1485 and 2502?
9
What is the highest common divisor of 920 and 97060?
460
What is the highest common divisor of 2 and 152512?
2
Calculate the greatest common divisor of 23940 and 16093.
133
What is the highest common factor of 20435 and 5063?
61
What is the highest common factor of 46 and 726386?
46
Calculate the highest common divisor of 275 and 1264175.
275
What is the highest common factor of 5575 and 6913?
223
Calculate the highest common divisor of 20296 and 215.
43
Calculate the highest common factor of 9928 and 25976.
136
Calculate the greatest common factor of 263147 and 1077.
359
What is the highest common divisor of 190012 and 201?
67
Calculate the highest common factor of 130 and 37505.
65
Calculate the greatest common divisor of 10 and 12216050.
10
What is the highest common divisor of 276 and 1679?
23
What is the highest common factor of 27797 and 28?
7
Calculate the greatest common divisor of 352 and 71072.
32
What is the greatest common divisor of 1610 and 415730?
70
Calculate the highest common factor of 224 and 2744.
56
What is the greatest common divisor of 13510 and 140?
70
What is the highest common divisor of 59636 and 68?
68
What is the greatest common factor of 27 and 375?
3
What is the greatest common divisor of 896 and 2000?
16
Calculate the highest common factor of 638 and 11066.
22
Calculate the highest common factor of 433961 and 99.
11
Calculate the greatest common factor of 46115 and 230.
115
Calculate the greatest common divisor of 56 and 712068.
28
Calculate the greatest common divisor of 368598 and 162.
6
What is the greatest common divisor of 28875 and 1848?
231
What is the highest common divisor of 25592 and 2744?
56
Calculate the highest common factor of 48258 and 7.
7
Calculate the greatest common factor of 4103 and 2211.
11
Calculate the highest common divisor of 1946 and 1141.
7
Calculate the highest common factor of 24220 and 2660.
140
What is the highest common factor of 1388 and 29495?
347
What is the greatest common factor of 176454 and 81?
9
Calculate the highest common factor of 17 and 11135.
17
What is the greatest common divisor of 305 and 1343525?
305
What is the highest common factor of 4522965 and 15?
15
Calculate the greatest common divisor of 276 and 77073.
69
What is the highest common factor of 81 and 5679?
9
Calculate the highest common factor of 44618 and 182.
14
Calculate the highest common factor of 2050386 and 1164.
582
What is the greatest common factor of 54 and 417177?
27
Calculate the greatest common factor of 1037591 and 4292.
1073
What is the greatest common divisor of 252164 and 59048?
484
What is the greatest common divisor of 31158 and 90?
18
Calculate the greatest common divisor of 2292 and 1210749.
573
Calculate the greatest common divisor of 3864 and 3402.
42
Calculate the highest common divisor of 24897 and 141276.
579
What is the greatest common factor of 2311 and 23754769?
2311
Calculate the highest common factor of 6213 and 135204.
57
What is the greatest common divisor of 16330 and 97270?
710
What is the highest common divisor of 162190 and 84?
14
Calculate the greatest common factor of 47817 and 14904.
621
What is the greatest common factor of 4055 and 5?
5
Calculate the highest common factor of 255 and 68901.
51
Calculate the greatest common factor of 11 and 18337.
11
What is the greatest common factor of 9757 and 1551?
11
What is the highest common factor of 2187 and 134352?
27
Calculate the greatest common divisor of 182016 and 316.
316
What is the greatest common divisor of 20 and 3904820?
20
Calculate the highest common factor of 2058 and 1628907.
1029
Calculate the highest common factor of 184680 and 4275.
855
What is the highest common factor of 2469 and 3?
3
Calculate the highest common factor of 1358763 and 46725.
1869
Calculate the highest common factor of 244824 and 1111.
101
Calculate the highest common divisor of 428 and 1532.
4
What is the greatest common divisor of 180 and 1660?
20
What is the highest common divisor of 241688 and 16?
8
Calculate the greatest common divisor of 1720 and 3320.
40
What is the highest common factor of 288 and 64278?
18
What is the highest common factor of 2261 and 42721?
119
What is the highest common factor of 86 and 31906?
86
Calculate the greatest common factor of 761780 and 574.
82
Calculate the highest common divisor of 53940 and 16095.
435
Calculate the highest common divisor of 6890 and 2650.
530
What is the greatest common factor of 38 and 49761?
19
Calculate the greatest common divisor of 2656 and 249.
83
What is the greatest common factor of 459297 and 81?
27
Calculate the highest common divisor of 617550 and 716.
358
What is the highest common divisor of 98483 and 77?
77
Calculate the greatest common divisor of 526548 and 42.
6
Calculate the greatest common factor of 441 and 164493.
441
Calculate the highest common factor of 21 and 215628.
21
What is the highest common factor of 2 and 2795458?
2
Calculate the highest common divisor of 177507 and 3267.
1089
What is the greatest common factor of 1155884 and 1876?
268
What is the highest common divisor of 6 and 1547844?
6
Calculate the greatest common divisor of 114 and 44669.
19
What is the greatest common factor of 15176 and 2636?
4
What is the greatest common divisor of 630 and 58230?
90
What is the greatest common factor of 2695 and 159390?
385
Calculate the highest common factor of 16 and 7875.
1
What is the highest common factor of 215424 and 1008?
144
Calculate the highest common factor of 1066 and 23698.
82
Calculate the greatest common divisor of 11395 and 2491.
53
What is the highest common divisor of 975 and 45375?
75
Calculate the greatest common divisor of 2015 and 60295.
155
Calculate the highest common factor of 5916 and 84.
12
What is the greatest common factor of 32 and 78664?
8
What is the greatest common factor of 113520 and 2120?
40
Calculate the highest common divisor of 148 and 448366.
74
Calculate the highest common factor of 1048 and 76766.
262
Calculate the highest common divisor of 492 and 13284.
492
Calculate the highest common divisor of 2 and 24989.
1
Calculate the highest common factor of 1270 and 48514.
254
Calculate the highest common divisor of 894 and 480674.
298
What is the greatest common factor of 209612 and 19604?
1508
Calculate the greatest common divisor of 128 and 31832.
8
What is the greatest common factor of 102 and 16044?
6
What is the highest common divisor of 3480 and 32?
8
Calculate the highest common divisor of 285 and 15789.
57
Calculate the greatest common factor of 94 and 2034959.
47
What is the greatest common factor of 18800 and 112565?
235
Calculate the highest common factor of 90 and 4170.
30
What is the highest common divisor of 176 and 1475648?
16
What is the highest common divisor of 2541 and 13673?
121
What is the highest common factor of 4 and 1321?
1
Calculate the greatest common factor of 4071 and 13340.
23
What is the greatest common divisor of 20 and 89300?
20
What is the highest common factor of 10791 and 7656?
33
Calculate the greatest common factor of 1500 and 1668.
12
What is the highest common factor of 242 and 10?
2
Calculate the greatest common factor of 20 and 2317180.
20
What is the greatest common factor of 45 and 2235?
15
What is the highest common divisor of 4 and 119708?
4
Calculate the greatest common divisor of 10373 and 5.
1
Calculate the highest common divisor of 9760 and 39296.
32
What is the greatest common factor of 1717 and 5644?
17
Calculate the greatest common factor of 30 and 29298.
6
What is the highest common divisor of 3937 and 4572?
127
Calculate the greatest common divisor of 4 and 519484.
4
What is the greatest common factor of 130800 and 73200?
1200
What is the highest common factor of 228 and 87324?
228
What is the highest common divisor of 21015 and 315?
45
What is the highest common factor of 10304 and 539672?
1288
What is the highest common d